{"id":44,"date":"2014-05-25T21:21:03","date_gmt":"2014-05-25T19:21:03","guid":{"rendered":"http:\/\/guiamanresa.net\/votem\/?page_id=44"},"modified":"2014-06-06T01:15:03","modified_gmt":"2014-06-05T23:15:03","slug":"parades","status":"publish","type":"page","link":"http:\/\/guiamanresa.net\/votem\/parades\/","title":{"rendered":"Parades"},"content":{"rendered":"<p style=\"text-align: left;\">Benvolguts firaires,<\/p>\n<p style=\"text-align: left;\">Amb motiu de la celebraci\u00f3, el proper dia 29 de juny,\u00a0de l\u2018acte reivindicatiu \u201cVOTEM!!!\u201d, ens adrecem a vosaltres amb la finalitat de convidar-vos a participar a la Fira, tot exposant i oferint els vostres productes.<\/p>\n<p style=\"text-align: left;\">L\u2019acte central tindr\u00e0 lloc a la pla\u00e7a de la reforma de Manresa\u00a0i la Fira es desenvolupar\u00e0 al llarg del mat\u00ed en ple \u00a0barri antic de Manresa,\u00a0Carrer Alfons XII\u00a0i Pla\u00e7a de la Reforma.\u00a0Per tal de sol\u00b7licitar el dret de participaci\u00f3 amb una parada a l\u2018acte \u201cVOTEM!!!\u201d, caldr\u00e0 omplir la butlleta (\u201c<a href=\"http:\/\/guiamanresa.net\/votem\/wp-content\/uploads\/2014\/06\/Document-sol\u00b7licitud-firaires-2014.doc\" target=\"_blank\">document sol\u00b7licitud firaries<\/a>\u201d si sou un establiment i \u201c<a href=\"http:\/\/guiamanresa.net\/votem\/wp-content\/uploads\/2014\/06\/Document-sol_licitud-entitats-2014.doc\" target=\"_blank\">document sol\u00b7licitud entitats<\/a>\u201d si sou una entitat), essent requisit imprescindible remetre-la abans del dia\u00a025 de\u00a0juny\u00a0degudament complimentada. Per a la instal\u00b7laci\u00f3 d\u2019una parada es pacta un preu en funci\u00f3 dels metres lineals que s\u2019ocupen (a excepci\u00f3 de les entitats sense \u00e0nim de lucre).<\/p>\n<p style=\"text-align: left;\">El preu per a la parada de 3 metres lineals \u00e9s de 50\u20ac i per a la parada de 6 metres lineals \u00e9s de 80 \u20ac i inclou en tots dos casos dos packs de samarreta i barret per a participar en el mosaic que farem a la Pla\u00e7a de la Reforma.<\/p>\n<p style=\"text-align: left;\">Caldr\u00e0 ingressar l\u2019import total (segons tres o sis metres lineals) al n\u00famero de compte titularitat de l\u2019organitzaci\u00f3- a excepci\u00f3 de les entitats sense \u00e0nim de lucre-:<\/p>\n<p style=\"text-align: left;\">Titular: \u201cComissi\u00f3 de marxandatge i parades\u201d<br \/>\nN\u00fam. de compte: ES10 0081 0200 29 0002729177<\/p>\n<p>Envieu-ho per correu electr\u00f2nic a: S\u00d2NIA VALL i JOSEP MARIA PINT\u00d3 <a href=\"mailto:parades@votem.eu\">parades@votem.eu<\/a><\/p>\n<p>A l\u2019espera que hi decidiu la vostra participaci\u00f3, agra\u00efm la vostra atenci\u00f3 i aprofitem l\u2019avinentesa per saludar-vos ben cordialment.<\/p>\n<p style=\"text-align: left;\"><a href=\"http:\/\/guiamanresa.net\/votem\/wp-content\/uploads\/2014\/06\/Document-sol\u00b7licitud-firaires-2014.doc\" target=\"_blank\">document sol\u00b7licitud firaries<br \/>\n<\/a><a href=\"http:\/\/guiamanresa.net\/votem\/wp-content\/uploads\/2014\/06\/Document-sol_licitud-entitats-2014.doc\" target=\"_blank\">document sol\u00b7licitud entitats<\/a>\u00a0(entitats amb o \u00a0sense \u00e0nim de lucre)<\/p>\n<p style=\"text-align: left;\">\n<!-- AddThis Advanced Settings generic via filter on the_content -->","protected":false},"excerpt":{"rendered":"<p>Benvolguts firaires, Amb motiu de la celebraci\u00f3, el proper dia 29 de juny,\u00a0de l\u2018acte reivindicatiu \u201cVOTEM!!!\u201d, ens adrecem a vosaltres amb la finalitat de convidar-vos a participar a la Fira, tot exposant i oferint els vostres productes. L\u2019acte central tindr\u00e0 &hellip; <a href=\"http:\/\/guiamanresa.net\/votem\/parades\/\">Continua llegint <span class=\"meta-nav\">&rarr;<\/span><\/a><!-- AddThis Advanced Settings generic via filter on wp_trim_excerpt --><\/p>\n","protected":false},"author":1,"featured_media":0,"parent":0,"menu_order":0,"comment_status":"closed","ping_status":"closed","template":"","meta":{"ngg_post_thumbnail":0,"footnotes":""},"yoast_head":"<!-- This site is optimized with the Yoast SEO plugin v22.8 - https:\/\/yoast.com\/wordpress\/plugins\/seo\/ -->\n<title>Parades - VOTEM !!!<\/title>\n<meta name=\"description\" content=\"La Fira es desenvolupar\u00e0 al llarg del mat\u00ed en ple barri antic de Manresa, Carrer Alfons XII i Pla\u00e7a de la Reforma. el 29 de juny\" \/>\n<meta name=\"robots\" content=\"index, follow, max-snippet:-1, max-image-preview:large, max-video-preview:-1\" \/>\n<link rel=\"canonical\" href=\"http:\/\/guiamanresa.net\/votem\/parades\/\" \/>\n<meta property=\"og:locale\" content=\"ca_ES\" \/>\n<meta property=\"og:type\" content=\"article\" \/>\n<meta property=\"og:title\" content=\"Parades - VOTEM !!!\" \/>\n<meta property=\"og:description\" content=\"La Fira es desenvolupar\u00e0 al llarg del mat\u00ed en ple barri antic de Manresa, Carrer Alfons XII i Pla\u00e7a de la Reforma. el 29 de juny\" \/>\n<meta property=\"og:url\" content=\"http:\/\/guiamanresa.net\/votem\/parades\/\" \/>\n<meta property=\"og:site_name\" content=\"VOTEM !!!\" \/>\n<meta property=\"article:modified_time\" content=\"2014-06-05T23:15:03+00:00\" \/>\n<meta name=\"twitter:label1\" content=\"Temps estimat de lectura\" \/>\n\t<meta name=\"twitter:data1\" content=\"1 minut\" \/>\n<script type=\"application\/ld+json\" class=\"yoast-schema-graph\">{\"@context\":\"https:\/\/schema.org\",\"@graph\":[{\"@type\":\"WebPage\",\"@id\":\"http:\/\/guiamanresa.net\/votem\/parades\/\",\"url\":\"http:\/\/guiamanresa.net\/votem\/parades\/\",\"name\":\"Parades - VOTEM !!!\",\"isPartOf\":{\"@id\":\"http:\/\/guiamanresa.net\/votem\/#website\"},\"datePublished\":\"2014-05-25T19:21:03+00:00\",\"dateModified\":\"2014-06-05T23:15:03+00:00\",\"description\":\"La Fira es desenvolupar\u00e0 al llarg del mat\u00ed en ple barri antic de Manresa, Carrer Alfons XII i Pla\u00e7a de la Reforma. el 29 de juny\",\"breadcrumb\":{\"@id\":\"http:\/\/guiamanresa.net\/votem\/parades\/#breadcrumb\"},\"inLanguage\":\"ca\",\"potentialAction\":[{\"@type\":\"ReadAction\",\"target\":[\"http:\/\/guiamanresa.net\/votem\/parades\/\"]}]},{\"@type\":\"BreadcrumbList\",\"@id\":\"http:\/\/guiamanresa.net\/votem\/parades\/#breadcrumb\",\"itemListElement\":[{\"@type\":\"ListItem\",\"position\":1,\"name\":\"Home\",\"item\":\"http:\/\/guiamanresa.net\/votem\/\"},{\"@type\":\"ListItem\",\"position\":2,\"name\":\"Parades\"}]},{\"@type\":\"WebSite\",\"@id\":\"http:\/\/guiamanresa.net\/votem\/#website\",\"url\":\"http:\/\/guiamanresa.net\/votem\/\",\"name\":\"VOTEM !!!\",\"description\":\"Vine a dir-ho alt i clar: volem votar!\",\"potentialAction\":[{\"@type\":\"SearchAction\",\"target\":{\"@type\":\"EntryPoint\",\"urlTemplate\":\"http:\/\/guiamanresa.net\/votem\/?s={search_term_string}\"},\"query-input\":\"required name=search_term_string\"}],\"inLanguage\":\"ca\"}]}<\/script>\n<!-- \/ Yoast SEO plugin. -->","yoast_head_json":{"title":"Parades - VOTEM !!!","description":"La Fira es desenvolupar\u00e0 al llarg del mat\u00ed en ple barri antic de Manresa, Carrer Alfons XII i Pla\u00e7a de la Reforma. el 29 de juny","robots":{"index":"index","follow":"follow","max-snippet":"max-snippet:-1","max-image-preview":"max-image-preview:large","max-video-preview":"max-video-preview:-1"},"canonical":"http:\/\/guiamanresa.net\/votem\/parades\/","og_locale":"ca_ES","og_type":"article","og_title":"Parades - VOTEM !!!","og_description":"La Fira es desenvolupar\u00e0 al llarg del mat\u00ed en ple barri antic de Manresa, Carrer Alfons XII i Pla\u00e7a de la Reforma. el 29 de juny","og_url":"http:\/\/guiamanresa.net\/votem\/parades\/","og_site_name":"VOTEM !!!","article_modified_time":"2014-06-05T23:15:03+00:00","twitter_misc":{"Temps estimat de lectura":"1 minut"},"schema":{"@context":"https:\/\/schema.org","@graph":[{"@type":"WebPage","@id":"http:\/\/guiamanresa.net\/votem\/parades\/","url":"http:\/\/guiamanresa.net\/votem\/parades\/","name":"Parades - VOTEM !!!","isPartOf":{"@id":"http:\/\/guiamanresa.net\/votem\/#website"},"datePublished":"2014-05-25T19:21:03+00:00","dateModified":"2014-06-05T23:15:03+00:00","description":"La Fira es desenvolupar\u00e0 al llarg del mat\u00ed en ple barri antic de Manresa, Carrer Alfons XII i Pla\u00e7a de la Reforma. el 29 de juny","breadcrumb":{"@id":"http:\/\/guiamanresa.net\/votem\/parades\/#breadcrumb"},"inLanguage":"ca","potentialAction":[{"@type":"ReadAction","target":["http:\/\/guiamanresa.net\/votem\/parades\/"]}]},{"@type":"BreadcrumbList","@id":"http:\/\/guiamanresa.net\/votem\/parades\/#breadcrumb","itemListElement":[{"@type":"ListItem","position":1,"name":"Home","item":"http:\/\/guiamanresa.net\/votem\/"},{"@type":"ListItem","position":2,"name":"Parades"}]},{"@type":"WebSite","@id":"http:\/\/guiamanresa.net\/votem\/#website","url":"http:\/\/guiamanresa.net\/votem\/","name":"VOTEM !!!","description":"Vine a dir-ho alt i clar: volem votar!","potentialAction":[{"@type":"SearchAction","target":{"@type":"EntryPoint","urlTemplate":"http:\/\/guiamanresa.net\/votem\/?s={search_term_string}"},"query-input":"required name=search_term_string"}],"inLanguage":"ca"}]}},"_links":{"self":[{"href":"http:\/\/guiamanresa.net\/votem\/wp-json\/wp\/v2\/pages\/44"}],"collection":[{"href":"http:\/\/guiamanresa.net\/votem\/wp-json\/wp\/v2\/pages"}],"about":[{"href":"http:\/\/guiamanresa.net\/votem\/wp-json\/wp\/v2\/types\/page"}],"author":[{"embeddable":true,"href":"http:\/\/guiamanresa.net\/votem\/wp-json\/wp\/v2\/users\/1"}],"replies":[{"embeddable":true,"href":"http:\/\/guiamanresa.net\/votem\/wp-json\/wp\/v2\/comments?post=44"}],"version-history":[{"count":9,"href":"http:\/\/guiamanresa.net\/votem\/wp-json\/wp\/v2\/pages\/44\/revisions"}],"predecessor-version":[{"id":101,"href":"http:\/\/guiamanresa.net\/votem\/wp-json\/wp\/v2\/pages\/44\/revisions\/101"}],"wp:attachment":[{"href":"http:\/\/guiamanresa.net\/votem\/wp-json\/wp\/v2\/media?parent=44"}],"curies":[{"name":"wp","href":"https:\/\/api.w.org\/{rel}","templated":true}]}}